{"id":5,"date":"2014-10-01T10:46:41","date_gmt":"2014-10-01T08:46:41","guid":{"rendered":"https:\/\/danielajauk.com\/?page_id=5"},"modified":"2016-02-02T14:16:21","modified_gmt":"2016-02-02T12:16:21","slug":"publications","status":"publish","type":"page","link":"https:\/\/danielajauk.com\/?page_id=5","title":{"rendered":"Publications"},"content":{"rendered":"<p style=\"text-align: left;\"><strong>Published Refereed Journal Articles<\/strong><\/p>\n<p style=\"text-align: left;\">Daniela Jauk. 2014. \u201cInsiderness, Outsiderness, and Situated Accessibility &#8211; How Women Activists Navigate UN\u2019s Commission on the Status of Women\u201d in <em>Societies Without Borders<\/em>. 9 (1): 69-95. \u00a0Special Issue on Gender and Human Rights.<br \/>\n<a href=\"http:\/\/societieswithoutborders.files.wordpress.com\/2014\/04\/jauk-final.pdf\">http:\/\/societieswithoutborders.files.wordpress.com\/2014\/04\/jauk-final.pdf<\/a><\/p>\n<p style=\"text-align: left;\">Daniela Jauk. 2013. &#8220;Gender Violence Revisited \u2013 Lessons from Violent Victimization of Transgender Individuals.&#8221; <em>Sexualities<\/em>, 16(7):\u00a0 807-825.<\/p>\n<p style=\"text-align: left;\">Cheryl Elman, Kathryn Feltey, Barbara Wittman and Daniela Jauk. 2013. &#8220;Drawn to the Land: the Life Course Consequences of Frontier Women\u2019s Settlement over Two North Dakotan Land Booms, 1880-1910,&#8221;<em>Social Science History<\/em>.37(1):27-69;doi:10.1215\/01455532-1958163<\/p>\n<p style=\"text-align: left;\">Sandra Spickard-Prettyman, Cheryl Ward, Daniela Jauk, Ghada Awad. 2013. &#8220;21st Century Learners: Voices of Students in a One-to-One STEM Environment&#8221; <em>Journal of<br \/>\nApplied Learning Technology<\/em>. 2(4),6-15.<\/p>\n<p style=\"text-align: left;\">Robert Peralta and Daniela Jauk. 2011. &#8220;Drink, Gender and Sociology: A Brief Feminist Review &amp; Critique of the Sociology of Alcohol-Use and Substance-Abuse Treatment Approaches,&#8221; <em>Sociology Compass<\/em>. Volume 5, Issue 10, p.882-897<\/p>\n<p style=\"text-align: left;\">Daniela Jauk and Katja Hartl. 2006. &#8220;Gendersensitive Governance in the field of transport: Researching women from the street,&#8221; in: <em>European Spatial Research and Policy<\/em>, Vol 13\/2006\/Number 1, pp. 23-47<\/p>\n<p style=\"text-align: left;\"><strong>Published Refereed Book Chapters<\/strong><\/p>\n<p style=\"text-align: left;\">2016\u00a0\u00a0\u00a0 (forthcoming) with Elli Scambor: \u201c<em>Mander es isch Zeit\u201d<\/em> &#8211; Akteur_innen, Denkformen, Diskurse und Argumente antifeministischer M\u00e4nnerarbeit in \u00d6sterreich,\u201d edited by Ulrich Peters, Juliane Lang, and Robert Claus, Marta Verlag<\/p>\n<p style=\"text-align: left;\">2016\u00a0\u00a0\u00a0\u00a0 (forthcoming) \u201cInternational Trans*gender Movements\u201d in <em>Wiley-Blackwell Encyclopedia of Gender and Sexuality Studies<\/em>. Edited by N. Naples, et al. Malden, MA: Wiley-Blackwell<\/p>\n<p style=\"text-align: left;\">Daniela Jauk. 2014. &#8220;Invisible Lives, Silenced Violence: Transphobic Gender Violence in Global Perspective.&#8221; In: <em>Advances in Gender Research<\/em>, Vol. 13, Emerald Publishing. Editors: Marcia Segal and Vasilikie Demos. Pp 111-136, ISBN: 978-1-78350-110-6<\/p>\n<p style=\"text-align: left;\">Daniela Jauk. 2014. \u00a0&#8220;Transgender Rights as Human Rights&#8221; (sidebar) in <em>Trans Bodies\/Trans Selves<\/em>, editor Laura Erickson-Schroth, <a href=\"http:\/\/www.transbodies.com\/\">http:\/\/www.transbodies.com\/<\/a>.<\/p>\n<p style=\"text-align: left;\">Cosima Pilz and Daniela Jauk. 2012. &#8220;Gendersensitive Governance im Bereich Verkehr und Mobilitaet,&#8221; in: <em>Die intersektionelle Stadt<\/em>, Elli Scambor, Frank Zimmer (eds.), Bielefeld:\u00a0transcript<\/p>\n<p style=\"text-align: left;\">Daniela Jauk and Andreas Unterweger. 2006. &#8220;Mythos Lord Jim Loge,&#8221; in: <em>Sexy Mythos. Selbst und Fremdbilder von K\u00fcnstler\/innen \/\/ Ideas and Images of Artists.<\/em> NGBK. ISBN: 3-938515-01-5<\/p>\n<p style=\"text-align: left;\">Daniela Jauk. 2004. &#8220;Sex in the City &#8211; Gendermanifestierungen im \u00f6ffentlichen urbanen Raum,&#8221; <em>Sexismus- \u00dcbergriffe im Alltag<\/em>, Gudrun Salmhofer (ed.) Innsbruck Wien Bozen:Studienverlag. ISBN: 978-3706540056<\/p>\n<p style=\"text-align: left;\">Daniela Jauk. 2003. &#8220;Interviews mit Wahl\u00f6sterreicherinnen,&#8221; in:<em> WOMENT! Eine W\u00fcrdigung der Grazer FrauenStadtGeschichte. <\/em>Dokumentation und Lesebuch. Bettina Behr, Ilse Wieser (Ed.) Innsbruck Wien Bozen:Studienverlag. ISBN: 978-3-7065-4064-3<\/p>\n<p style=\"text-align: left;\"><strong>Published Book Reviews<\/strong><\/p>\n<p style=\"text-align: left;\">Daniela Jauk. 2015. Afshan Jafar, Erynn Masi de Casanova (Hrsg.) (2013):<em>Global Beauty, Local Bodies<\/em>.New York: Palgrave Macmillan, and Erynn Masi de Casanova, Afshan Jafar (Hrsg.) (2013): <em>Bodies without Borders<\/em>.New York: Palgrave Macmillan, in: <em>\u00d6sterreichische Zeitschrift fuer Soziologie, <\/em>Vol. 40:2, June 2015, p. 233-235<\/p>\n<p style=\"text-align: left;\">Daniela Jauk. 2015. Anne Sophie Krossa (2013): <em>Theorizing Society in a Global Context<\/em>. Houndmills: Palgrave Macmillan, in: <em>K\u00f6lner Zeitschrift f\u00fcr Soziologie, <\/em>Heft 2, Jg. 67, 2015, p.<\/p>\n<p style=\"text-align: left;\">Daniela Jauk. 2013.\u00a0Chow, Esther Ngan-ling, Marcia Texler Segal, and Lin Tan. 2011. \u00a0<em>Analyzing\u00a0 gender, intersectionality, and multiple inequalities : global, transnational and local contexts<\/em>. and Connell, \u00a0\u00a0\u00a0\u00a0\u00a0\u00a0\u00a0 R. W. 2011. <em>Confronting Equality-Gender, knowledge and global change<\/em>. In <em>Social Thought and Research<\/em>, 32:117-124<br \/>\n(Forthcoming) <em>Transgender Identities:<\/em> <em>Towards a Social Analysis of Gender Diversity<\/em> by Sally Hines and Tam Sanger (2010); \u00a0<em>Transgender Voices: Beyond Women and Men <\/em>by Lori Girshik (2008) in <em>Women\u2019s Studies International<\/em><\/p>\n<p style=\"text-align: left;\">Daniela Jauk. 2012. <em>Smoke Damage: Voices from the Front Lines of America&#8217;s Tobacco Wars<\/em> (2011) by Michael Schwalbe \u00a0\u00a0\u00a0\u00a0\u00a0\u00a0\u00a0 \u00a0\u00a0\u00a0\u00a0\u00a0\u00a0\u00a0\u00a0\u00a0\u00a0\u00a0 in <em>Visual Studies,<\/em>Vol.27, Issue 2, Pp 215-216, DOI: 10.1080\/1472586X.2012.642976<\/p>\n<p style=\"text-align: left;\">Daniela Jauk. 2011. <em>Charting Women\u2019s Journeys: From Addiction to Recovery<\/em>. By Judith Grant (2008); <em>Women in Alcoholics Anonymous: Recovery and Empowerment<\/em>. By Jolene M. Sanders (2009); <em>The Language of the Heart: A Cultural History of the Recovery Movement from Alcoholics Anonymous to Oprah Winfrey<\/em>. By Trysh Travis (2010), in <em>Gender and Society, <\/em>Volume 25, No. 2, DOI: 10.1177\/0891243210392221<\/p>\n<p style=\"text-align: left;\"><em>Daniela Jauk. 2011. Public Toilets and Gender <\/em>edited by Olga Gershenson and Barbara Penner (2010), in <em>Visual Studies, <\/em>Volume 26 Issue 1, 79, DOI:10.1080\/1472586X.2010.502690<\/p>\n<p style=\"text-align: left;\">Daniela Jauk. 2010. <em>Imagining Transgender. An Ethnography of a Category<\/em> by David Valentine (2007) for <em>Sex Roles,<\/em> <a href=\"http:\/\/www.springerlink.com\/content\/0360-0025\/63\/5-6\/\">Volume 63, Numbers 5-6<\/a>, 445-447, DOI:10.1007\/s11199-010-9751-0, with Kathryn Feltey<\/p>\n<p style=\"text-align: left;\">Daniela Jauk. 2007. <em>Das Gruppendiskussionsverfahren in der Forschungspraxis<\/em> edited by Ralf Bohnsack, Aglaja Przyborski &amp; Burkhart Sch\u00e4ffer (2006) in <em>Forum Qualitative Sozialforschung \/ Forum: Qualitative Social Research<\/em>, 8(3), Art. 12, http:\/\/www.qualitative-research.net\/fqs-texte\/3-07\/07-3-12-d.htm.<\/p>\n<p style=\"text-align: left;\"><strong>Other Publications in Journals, Newsletters, and Online<\/strong><\/p>\n<p style=\"text-align: left;\">Daniela Jauk. 2013. &#8220;Fact Sheet on Gender, Sexualities, &amp; Human Rights in the context of the UN,\u201d commissioned by Sociologists for Women in Society, <a href=\"http:\/\/www.socwomen.org\/images\/stories\/resources\/network_news\/nn_fall_2013.pdf\">http:\/\/www.socwomen.org\/images\/stories\/resources\/network_news\/nn_fall_2013.pdf<\/a><\/p>\n<p style=\"text-align: left;\">Daniela Jauk. 2012. &#8220;How a CSW Meeting Works&#8221; and\u00a0 with Barret Katuna et al. &#8220;At the UN: Reflections on the 56<sup>th<\/sup> session of the CSW&#8221; <em>SWS Network News Fall 2012<\/em>. 3, xxix(3)http:\/\/www.socwomen.org\/web\/images\/stories\/resources\/network_news\/swsissue3bwebpublic.pdf<\/p>\n<p style=\"text-align: left;\">Lee, Susan, Liliana Cisneros, Daniela Jauk, and Barret Katuna. 2011, &#8220;CSW 55: Global Advocacy for Women&#8221; <em>SWS Network News Fall 2011,<\/em> xxviii (3) http:\/\/www.socwomen.org\/web\/images\/stories\/resources\/network_news\/Issue3bwebpublic2011.pdf<\/p>\n<p style=\"text-align: left;\">Daniela Jauk. 2011. &#8220;Interning with the Un Gender Analysis Unit&#8221; <em>SWS Network News Spring 2011<\/em>. xxviii(1)\u00a0 http:\/\/www.socwomen.org\/web\/images\/stories\/resources\/network_news\/nn_vol28-01-spring11.pdf<\/p>\n<p style=\"text-align: left;\">Daniela Jauk. 2011. &#8220;Spirituality as a Vehicle for Social Change&#8221; invited Blogpost for the National Council for Research on Women (NCRW), Human Rights Forum, <a href=\"http:\/\/bit.ly\/hAdiS3\">http:\/\/bit.ly\/hAdiS3<\/a><\/p>\n<p style=\"text-align: left;\">Daniela Jauk. 2009. IDKE XVI, 2014, Vienna-Austria. A Self Fulfilling Prophecy. <em>fiber. werkstoff f\u00fcr feminismus und popkultur. <\/em>Issue 14\/December 2008<\/p>\n<p style=\"text-align: left;\">Daniela Jauk. 2006. Photographs of Sani Pass tourism\/South Africa. &#8220;The tourist guide as curator?&#8221; in: <em>Stimulus Respond for The Urban Anthropologist.<\/em> Issue 15-Home-December 2005. pp.78f.<br \/>\nhttp:\/\/www.stimulusrespond.com\/stimulus15\/stimulus15.pdf<\/p>\n<p style=\"text-align: left;\">Werner reichmann und Daniela Jauk. 2005. Conference Report, Tagungsbericht Grenz\/\/G\u00e4nge, kultur-medien-\u00f6konomie Graduiertenkonferenz Erlangen (2005) in <em>\u00d6sterreichische Zeitschrift f\u00fcr Soziologie<\/em>, 30.Jahrgang, Heft 1<\/p>\n<p style=\"text-align: left;\"><strong>Professional Reports<\/strong><\/p>\n<p style=\"text-align: left;\">2005,\u00a0Daniela Jauk and Cosima Pilz. <em>Final Report: Gendersensitive Governance in the Field of Transport<\/em>. Report to the Ministry of Education and Science: New Orientations for Democracy in Europe \u2013 research program, Austria.<\/p>\n<p style=\"text-align: left;\">2002,\u00a0Daniela Jauk. &#8220;The Making on a Union Leader, &#8221; in G<em>ef\u00e4hrdete Rotte<\/em>, Soziologische Einblicke in \u00d6bb und Gde, Forschungsbericht 2002, Graz: Karl Franzens Universit\u00e4t<\/p>\n<p style=\"text-align: left;\"><strong>\u00a0<\/strong><\/p>\n","protected":false},"excerpt":{"rendered":"<p>Published Refereed Journal Articles Daniela Jauk. 2014. \u201cInsiderness, Outsiderness, and Situated Accessibility &#8211; How Women Activists Navigate UN\u2019s Commission on the Status of Women\u201d in Societies Without Borders. 9 (1): 69-95. \u00a0Special Issue on Gender and Human Rights. http:\/\/societieswithoutborders.files.wordpress.com\/2014\/04\/jauk-final.pdf Daniela Jauk. 2013. &#8220;Gender Violence Revisited \u2013 Lessons from Violent Victimization of Transgender Individuals.&#8221; Sexualities, 16(7):\u00a0 &hellip; <a href=\"https:\/\/danielajauk.com\/?page_id=5\" class=\"more-link\">Continue reading <span class=\"screen-reader-text\">Publications<\/span> <span class=\"meta-nav\">&rarr;<\/span><\/a><\/p>\n","protected":false},"author":1,"featured_media":0,"parent":0,"menu_order":0,"comment_status":"closed","ping_status":"closed","template":"","meta":{"footnotes":""},"class_list":["post-5","page","type-page","status-publish","hentry"],"_links":{"self":[{"href":"https:\/\/danielajauk.com\/index.php?rest_route=\/wp\/v2\/pages\/5","targetHints":{"allow":["GET"]}}],"collection":[{"href":"https:\/\/danielajauk.com\/index.php?rest_route=\/wp\/v2\/pages"}],"about":[{"href":"https:\/\/danielajauk.com\/index.php?rest_route=\/wp\/v2\/types\/page"}],"author":[{"embeddable":true,"href":"https:\/\/danielajauk.com\/index.php?rest_route=\/wp\/v2\/users\/1"}],"replies":[{"embeddable":true,"href":"https:\/\/danielajauk.com\/index.php?rest_route=%2Fwp%2Fv2%2Fcomments&post=5"}],"version-history":[{"count":7,"href":"https:\/\/danielajauk.com\/index.php?rest_route=\/wp\/v2\/pages\/5\/revisions"}],"predecessor-version":[{"id":323,"href":"https:\/\/danielajauk.com\/index.php?rest_route=\/wp\/v2\/pages\/5\/revisions\/323"}],"wp:attachment":[{"href":"https:\/\/danielajauk.com\/index.php?rest_route=%2Fwp%2Fv2%2Fmedia&parent=5"}],"curies":[{"name":"wp","href":"https:\/\/api.w.org\/{rel}","templated":true}]}}